n(j) + 6*r(j). Let q be x(2). Let v = q - 28. What is the units digit of v?
1
Let j be 2/7 + 372/21. Let t be 60/j*(-3)/2. What is the units digit of (1 + t)/((-10)/65)?
6
Suppose -2*p - p + 15 = 0, 4*p - 10 = 5*r. Suppose 0 = -u + 2*y + y + r, 4*y = 4*u - 8. Suppose 5*z + u = -3*w + 49, 5*z = -w + 9. What is the tens digit of w?
1
Let y = 2853 + -1082. What is the hundreds digit of y?
7
Let q = -19 + 16. Let b(l) = -l**3 + 6*l**2 - 6*l + 8. Let w(y) = y**3 - 7*y**2 + 7*y - 8. Let t(n) = q*b(n) - 2*w(n). What is the units digit of t(4)?
8
Let w(y) = 6*y**3 + y**2 + 2*y - 5. Let k be w(5). Suppose 65*l + k = 70*l. What is the units digit of l?
6
Let b = -30 - -10. Let v be (-24)/b*5/(-1). What is the units digit of -22*(v/4 - -1)?
1
Suppose 0*r + 2*r = 0. Suppose 3*o - 26 - 46 = r. What is the units digit of o?
4
Suppose 212 = 2*c - 2*y, -3*c = -6*c + 2*y + 319. What is the units digit of c?
7
Let u be 3/(-1)*(11/(-3) + 3). Suppose u*i = -2*j + 32, 5*j + 34 = i - 0*j. What is the tens digit of i?
1
What is the tens digit of -777*((-49)/7)/7?
7
Suppose 0 = -x + 5*a + 2440, -2*x - 2*a + a = -4891. What is the units digit of x?
5
Let o = 169 - 300. Let n = -73 - o. Suppose -3*l + n + 11 = 0. What is the units digit of l?
3
What is the thousands digit of 0/(-4) + -15 + 1530?
1
Let i(t) = -3*t + 2*t - 10 + 5*t. Suppose -3*q + 7 + 8 = 3*h, 3*q = -2*h + 14. What is the units digit of i(q)?
6
Suppose -4*u - 1 = 3*g - 20, 3*u = 2*g - 7. Let q(a) be the second derivative of 3*a**3/2 + a**2 + 2*a. What is the units digit of q(u)?
1
Let p = -16 - -11. Let s(r) = -6*r - 9. Let v(k) = 6*k + 8. Let i(x) = 3*s(x) + 2*v(x). What is the tens digit of i(p)?
1
Let n be 1/2 + 321/6. Let h = -49 - -25. Let u = n + h. What is the tens digit of u?
3
Let o(h) = 4*h**2 - 8*h + 4. Let l be o(-7). Let v be 198*(1 - 0) + -2. Suppose 0 = -8*f + 3*f + 3*t + l, -4*f + v = 2*t. What is the tens digit of f?
5
Let j(r) = 17*r**2 + 6*r + 12. What is the units digit of j(-2)?
8
Let l(v) be the first derivative of -v**4/4 - 4*v**3 - 15*v**2/2 - 25*v - 10. What is the units digit of l(-11)?
9
Let x be 2 + 0 + -2 + 3. Suppose -3*k = -3*j - 246, x*k + 37 = -5*j + 291. What is the units digit of k?
3
Let g be (-2)/((-1836)/(-921) + -2). Let b = g - 66. What is the units digit of b?
1
Let y = -340 + 733. What is the hundreds digit of y?
3
Let y be ((-9)/6)/(2/24). Let l be ((-58)/6)/((-2)/36*3). What is the units digit of l*1*(-9)/y?
9
What is the tens digit of -1 + 3 + 3120/(8/8)?
2
Let z be -2*(-3)/(-18)*0. Suppose 192 = 3*s - z*s. Let j = -16 + s. What is the units digit of j?
8
Let w be 7 - (-1 + 2 + 0). Suppose -80 = a - w*a. Suppose 3 = -f + a. What is the units digit of f?
3
Let h = 85 - -645. What is the hundreds digit of h?
7
Let b(k) = 30*k**2 - 27*k - 3. Let v be b(6). Suppose -9*a + 210 = -v. What is the tens digit of a?
2
Suppose 4675 = 4*w - 2241. Let t = 2465 - w. What is the tens digit of t/28 - 4/14?
2
What is the thousands digit of (160/100)/((-4)/(-5855))?
2
Let i(n) be the second derivative of -n**3 - 3*n**2 + 2*n. What is the tens digit of i(-3)?
1
What is the tens digit of 1 + -3 + 0 - (-1 + -187)?
8
Let m = -5 + 8. What is the tens digit of (m/6)/(5/390)?
3
Let r = 103 - 203. What is the tens digit of -3 + r/(-4) - -2?
2
Let a(z) = 8*z. Let d(u) = 3*u. Let v(m) = 4*a(m) - 11*d(m). Let k be -16*(-3 + (-7)/(-2)). What is the units digit of v(k)?
8
Let c = 298 - -307. What is the units digit of c?
5
Suppose 5839 = 51*n - 46*n - 2*q, 1177 = n - 5*q. What is the thousands digit of n?
1
Suppose 178 + 1894 = 7*z. What is the hundreds digit of z?
2
Let f = 1995 + -820. What is the units digit of f?
5
Let q = 32 - 16. Let d = q - -21. What is the tens digit of d?
3
Let r = 44 - 34. Let u(h) = -h + 12. What is the units digit of u(r)?
2
Let j(g) = -g**2 + 20. Suppose 6*f - 5*t = 5*f + 14, t = -3*f + 42. Let r = 14 - f. What is the units digit of j(r)?
0
Let l(g) = g**3 - 17*g**2 + 17*g - 13. Let h be l(16). Suppose -189 = h*a + 4*a. What is the tens digit of (18/(-3))/(3/a)?
5
Suppose 16*y + 35 = 387. Suppose 3*d = -4*l, -l - d = -3*d - 11. Suppose 2*t + l*a = 4*a + y, -5*a - 29 = -t. What is the units digit of t?
9
Let p be ((0 - -2)*1)/((-12)/(-1992)). Let h = 603 - p. What is the tens digit of h?
7
Let u = -9 + 15. Suppose -u*o + 359 = 41. What is the units digit of o?
3
Suppose -3*f - r + 7 = 0, 3*r = -r + 4. Suppose -100 = f*c - 3*c. What is the hundreds digit of c?
1
Let w(q) = q**2 - 9*q + 8. Let l be w(10). Let m = 21 - l. What is the units digit of m?
3
Let p be 6/4*16/3. Suppose 8*l - 40 = 9*l. What is the units digit of (-179)/(-5) - p/l?
6
Let h be 6*-2*608/(-24). Suppose h = 17*y - y. What is the tens digit of y?
1
Let n = 336 - 124. What is the hundreds digit of n?
2
Suppose 18269 + 348771 = 80*j. What is the tens digit of j?
8
Suppose -334 - 806 = -4*u. Let m = u - 161. What is the hundreds digit of m?
1
Let q = 1 - -3. Let g(k) = -21*k**3 + 2*k**2 - 8*k - 16. Let o be g(-2). Suppose -2*v = -2*b + v + 89, 4*b - o = q*v. What is the tens digit of b?
4
Let b = -3 + 9. Suppose 2*l = -0*l + b. Suppose 5*w + 134 = 5*m + l*w, 0 = m + 3*w - 20. What is the tens digit of m?
2
Let n(k) = 2*k**2 - 18*k - 16. Let l be n(10). Suppose 0 = -11*b + l*b + 1680. What is the hundreds digit of b?
2
Let h be (27/6)/(1/(-48)). Let j = -76 - h. What is the units digit of j?
0
Let h(w) = -w**2 - 8*w + 2. Suppose 0 = 3*o + 5*m + 29, -2*o - 5*m - 25 = -4. Let a be h(o). Suppose 3*s = -a*s + 75. What is the tens digit of s?
1
Let b(f) = 9*f**2 + f. Let t be b(-1). Let z = 2 - t. What is the units digit of 2/6 + (-64)/z?
1
Suppose 4*p - 1360 = -2*l, 2*p + p - 1025 = l. Let y = -237 + p. What is the hundreds digit of y?
1
Suppose -10 = -2*l + 38. Suppose 2*p + v + l = 3*p, 2*p = v + 45. What is the tens digit of p?
2
Let a = 99 + -69. Let i = a + -40. What is the tens digit of (9 - 14)/(2/i)?
2
Suppose -2*t - 5*v = -1278, 4*v = -4*t + 1771 + 761. What is the units digit of t?
9
Suppose 0 = 13*m - 200 - 489. Let z be ((-3)/(-2))/3*494. Suppose -m = -6*g + z. What is the tens digit of g?
5
Let c(g) = 75*g**2 + 2*g. Let y(o) = o**2 - 16*o + 27. Let u be y(14). What is the units digit of c(u)?
3
Let o(i) be the first derivative of i**4/4 + 8*i**3/3 - i**2 + 9*i - 12. What is the units digit of o(-7)?
2
Let m = 1468 + 1443. Suppose -15*w + 329 = -m. What is the units digit of w?
6
Suppose 0*o - 280 = 5*o. Let i = -84 - o. Let r = i - -41. What is the tens digit of r?
1
Let r be 3/(-3)*-12*-1. Let n = 14 + r. What is the units digit of (-1)/n*40/(-10)?
2
Suppose -3*c = -9*c - 162. Let j = 29 + c. Suppose 65 = l + j*n - 6*n, 4*l - 260 = 5*n. What is the units digit of l?
5
Let g(a) = -a**3 + 3*a**2 + a - 4. Let h be g(4). Let u = h + 19. Suppose 0 = -4*c + 4*m + 52, -67 = -u*c - c + m. What is the tens digit of c?
1
Suppose -46 = 3*l + 2. What is the hundreds digit of 3 + (-4)/(l/(-4)) - -136?
1
Let s = 19 - 9. Suppose -s = 4*q - 2*m, 3*q - m + 5 = -q. Suppose 2*w + 138 - 16 = 4*t, q = 2*t + 3*w - 65. What is the tens digit of t?
3
Suppose -3*p = -4*j - 4135, 5*j - 5087 - 447 = -4*p. What is the hundreds digit of p?
3
Suppose 2*t - 711 + 75 = 0. What is the hundreds digit of t?
3
Let a(h) = -h**2 - h + 12. Let g be a(0). Let y = 14 - g. Suppose -y*s + 80 = 3*s. What is the units digit of s?
6
Suppose -3*p - z + 14 = 0, -3*p + 3*z = -12 + 6. Suppose m = -m - 5*q + 215, -m = -p*q - 127. What is the units digit of m?
5
Let y = 7 - -2. Let d = 5 - y. What is the tens digit of (1/2)/(d/(-160))?
2
Suppose n = -3*s + 897, s + 0*n = -3*n + 299. What is the tens digit of s?
9
Let b(p) = 11*p - 11. Let h be b(10). Suppose -7*l - h = -470. What is the units digit of l?
3
Let u = 1 - -9. Let a(y) = -13*y - y - 2 - u. What is the tens digit of a(-5)?
5
Let w be (-2)/7 + (-15795)/63. What is the units digit of (1 - w*1) + 12/4?
5
Let q(c) = c**3 - 19*c**2 + 3*c + 4. Let l be q(19). Suppose -h + 135 = -l. What is the units digit of h?
6
Suppose -5*m - 2*n + 5 = -n, 2*n = -4*m + 4. Let t = 1 + m. What is the units digit of (3/t)/((-4)/(-24))?
9
Let a be (5/(-2) + 3)*4. Let x(o) = -10 - o**a - o + 14*o + 4*o. What is the units digit of x(16)?
6
Let s be (-3*(4 + -1))/(-1). Let z = 99 - s. What is the unit